{"id":153,"date":"2021-11-19T10:24:47","date_gmt":"2021-11-19T10:24:47","guid":{"rendered":"https:\/\/kirche-warder.de\/kiwawopr\/?page_id=153"},"modified":"2021-12-08T13:37:38","modified_gmt":"2021-12-08T13:37:38","slug":"kirche-zu-warder","status":"publish","type":"page","link":"https:\/\/kirche-warder.de\/kiwawopr\/index.php\/gemeinde\/kirche-zu-warder\/","title":{"rendered":"Kirche zu Warder"},"content":{"rendered":"\n<p class=\"has-large-font-size\"><strong>Kirche zu Warder<\/strong><\/p>\n\n\n\n<figure class=\"wp-block-image size-full is-resized\"><img loading=\"lazy\" decoding=\"async\" src=\"https:\/\/kirche-warder.de\/kiwawopr\/wp-content\/uploads\/2021\/11\/Kirche-Seitenansicht-Nr.-2-e1637231440330.jpg\" alt=\"\" class=\"wp-image-86\" width=\"681\" height=\"372\" srcset=\"https:\/\/kirche-warder.de\/kiwawopr\/wp-content\/uploads\/2021\/11\/Kirche-Seitenansicht-Nr.-2-e1637231440330.jpg 627w, https:\/\/kirche-warder.de\/kiwawopr\/wp-content\/uploads\/2021\/11\/Kirche-Seitenansicht-Nr.-2-e1637231440330-300x164.jpg 300w\" sizes=\"auto, (max-width: 681px) 100vw, 681px\" \/><\/figure>\n\n\n\n<p>Kommen Sie gerne vorbei und besuchen Sie die Kirche zu Warder.<br>Sie ist t\u00e4glich ge\u00f6ffnet von 10 Uhr bis 16 Uhr.<\/p>\n\n\n\n<p><strong>Kirche zu Warder<\/strong><br>Kirchweg 2<br>23821 Rohlstorf OT Warder<\/p>\n\n\n\n<p>In unmittelbarer N\u00e4he zum Eingang befinden sich Parkpl\u00e4tze. <br>Ein gr\u00f6\u00dferer Parkplatz ist vor dem Kindergarten zu finden. <br>Fahren Sie daf\u00fcr einfach den Kirchweg ein St\u00fcck weiter und bevor eine Linkskurve kommt,<br>fahren Sie geradeaus auf den Parkplatz zu.<\/p>\n\n\n\n<p>Die Kirche zu Warder wurde erstmalig urkundlich erw\u00e4hnt im Jahr 1198. <br>Eine Generation nach dem gro\u00dfen Missionar des Nordens Vicelin wurde dieses Gotteshaus <br>geistliches Zentrum f\u00fcr Warder und viele D\u00f6rfer im Umkreis. <\/p>\n\n\n\n<p>Diese Feldsteinkirche stammt in den Urspr\u00fcngen aus dem 12. Jahrhundert, <br>der Turm wurde als runder Feldsteinturm errichtet und im 19. Jahrhundert vierkantig ummauert. <br>\u00dcber Jahrhunderte sind Menschen hierhergekommen, <br>um Gottesdienst zu feiern, sich zu besinnen, um Gott zu begegnen oder geistliche Musik zu h\u00f6ren.<\/p>\n\n\n\n<p>Neben den <a href=\"https:\/\/kirche-warder.de\/kiwawopr\/index.php\/gemeinde\/gottesdienste\/\" data-type=\"page\" data-id=\"8\">sonnt\u00e4glichen Gottesdiensten<\/a> ist die Kirche zu Warder oft der Ort, wo Lebensschritte gefeiert werden. <br>Ob <a href=\"https:\/\/kirche-warder.de\/kiwawopr\/index.php\/sample-page\/taufe\/\" data-type=\"page\" data-id=\"42\">Taufe<\/a>, <a href=\"https:\/\/kirche-warder.de\/kiwawopr\/index.php\/sample-page\/konfirmation\/\" data-type=\"page\" data-id=\"180\">Konfirmation<\/a> oder <a href=\"https:\/\/kirche-warder.de\/kiwawopr\/index.php\/sample-page\/trauung\/\" data-type=\"page\" data-id=\"44\">Trauung<\/a> \u2013 in der Kirche zu Warder ist es wohltuend den Segen Gottes zu sp\u00fcren. <br>Auch in schweren Zeiten der <a href=\"https:\/\/kirche-warder.de\/kiwawopr\/index.php\/sample-page\/trauer\/\" data-type=\"page\" data-id=\"183\">Trauer<\/a> und des Abschiedes ist die Kirche zu Warder eine wichtige St\u00fctze <br>und hilft Trost zu spenden.<\/p>\n\n\n\n<figure class=\"wp-block-image size-large is-resized\"><img loading=\"lazy\" decoding=\"async\" src=\"https:\/\/kirche-warder.de\/kiwawopr\/wp-content\/uploads\/2021\/11\/Kirche-von-Innen-Orgelansicht-791x1024.jpg\" alt=\"\" class=\"wp-image-271\" width=\"681\" height=\"882\" srcset=\"https:\/\/kirche-warder.de\/kiwawopr\/wp-content\/uploads\/2021\/11\/Kirche-von-Innen-Orgelansicht-791x1024.jpg 791w, https:\/\/kirche-warder.de\/kiwawopr\/wp-content\/uploads\/2021\/11\/Kirche-von-Innen-Orgelansicht-232x300.jpg 232w, https:\/\/kirche-warder.de\/kiwawopr\/wp-content\/uploads\/2021\/11\/Kirche-von-Innen-Orgelansicht-768x995.jpg 768w, https:\/\/kirche-warder.de\/kiwawopr\/wp-content\/uploads\/2021\/11\/Kirche-von-Innen-Orgelansicht-1186x1536.jpg 1186w, https:\/\/kirche-warder.de\/kiwawopr\/wp-content\/uploads\/2021\/11\/Kirche-von-Innen-Orgelansicht-1581x2048.jpg 1581w, https:\/\/kirche-warder.de\/kiwawopr\/wp-content\/uploads\/2021\/11\/Kirche-von-Innen-Orgelansicht-scaled.jpg 1976w\" sizes=\"auto, (max-width: 681px) 100vw, 681px\" \/><\/figure>\n","protected":false},"excerpt":{"rendered":"<p>Kirche zu Warder Kommen Sie gerne vorbei und besuchen Sie die Kirche zu Warder.Sie ist t\u00e4glich ge\u00f6ffnet von 10 Uhr bis 16 Uhr. Kirche zu WarderKirchweg 223821 Rohlstorf OT Warder In unmittelbarer N\u00e4he zum Eingang befinden sich Parkpl\u00e4tze. Ein gr\u00f6\u00dferer Parkplatz ist vor dem Kindergarten zu finden. Fahren Sie daf\u00fcr einfach den Kirchweg ein St\u00fcck [&hellip;]<\/p>\n","protected":false},"author":2,"featured_media":0,"parent":67,"menu_order":2,"comment_status":"closed","ping_status":"closed","template":"","meta":{"footnotes":""},"class_list":["post-153","page","type-page","status-publish","hentry"],"_links":{"self":[{"href":"https:\/\/kirche-warder.de\/kiwawopr\/index.php\/wp-json\/wp\/v2\/pages\/153","targetHints":{"allow":["GET"]}}],"collection":[{"href":"https:\/\/kirche-warder.de\/kiwawopr\/index.php\/wp-json\/wp\/v2\/pages"}],"about":[{"href":"https:\/\/kirche-warder.de\/kiwawopr\/index.php\/wp-json\/wp\/v2\/types\/page"}],"author":[{"embeddable":true,"href":"https:\/\/kirche-warder.de\/kiwawopr\/index.php\/wp-json\/wp\/v2\/users\/2"}],"replies":[{"embeddable":true,"href":"https:\/\/kirche-warder.de\/kiwawopr\/index.php\/wp-json\/wp\/v2\/comments?post=153"}],"version-history":[{"count":9,"href":"https:\/\/kirche-warder.de\/kiwawopr\/index.php\/wp-json\/wp\/v2\/pages\/153\/revisions"}],"predecessor-version":[{"id":487,"href":"https:\/\/kirche-warder.de\/kiwawopr\/index.php\/wp-json\/wp\/v2\/pages\/153\/revisions\/487"}],"up":[{"embeddable":true,"href":"https:\/\/kirche-warder.de\/kiwawopr\/index.php\/wp-json\/wp\/v2\/pages\/67"}],"wp:attachment":[{"href":"https:\/\/kirche-warder.de\/kiwawopr\/index.php\/wp-json\/wp\/v2\/media?parent=153"}],"curies":[{"name":"wp","href":"https:\/\/api.w.org\/{rel}","templated":true}]}}

<p class="has-large-font-size"><strong>Kirche zu Warder</strong></p>



<figure class="wp-block-image size-full is-resized"><img loading="lazy" decoding="async" src="https://kirche-warder.de/kiwawopr/wp-content/uploads/2021/11/Kirche-Seitenansicht-Nr.-2-e1637231440330.jpg" alt="" class="wp-image-86" width="681" height="372" srcset="https://kirche-warder.de/kiwawopr/wp-content/uploads/2021/11/Kirche-Seitenansicht-Nr.-2-e1637231440330.jpg 627w, https://kirche-warder.de/kiwawopr/wp-content/uploads/2021/11/Kirche-Seitenansicht-Nr.-2-e1637231440330-300x164.jpg 300w" sizes="auto, (max-width: 681px) 100vw, 681px" /></figure>



<p>Kommen Sie gerne vorbei und besuchen Sie die Kirche zu Warder.<br>Sie ist täglich geöffnet von 10 Uhr bis 16 Uhr.</p>



<p><strong>Kirche zu Warder</strong><br>Kirchweg 2<br>23821 Rohlstorf OT Warder</p>



<p>In unmittelbarer Nähe zum Eingang befinden sich Parkplätze. <br>Ein größerer Parkplatz ist vor dem Kindergarten zu finden. <br>Fahren Sie dafür einfach den Kirchweg ein Stück weiter und bevor eine Linkskurve kommt,<br>fahren Sie geradeaus auf den Parkplatz zu.</p>



<p>Die Kirche zu Warder wurde erstmalig urkundlich erwähnt im Jahr 1198. <br>Eine Generation nach dem großen Missionar des Nordens Vicelin wurde dieses Gotteshaus <br>geistliches Zentrum für Warder und viele Dörfer im Umkreis. </p>



<p>Diese Feldsteinkirche stammt in den Ursprüngen aus dem 12. Jahrhundert, <br>der Turm wurde als runder Feldsteinturm errichtet und im 19. Jahrhundert vierkantig ummauert. <br>Über Jahrhunderte sind Menschen hierhergekommen, <br>um Gottesdienst zu feiern, sich zu besinnen, um Gott zu begegnen oder geistliche Musik zu hören.</p>



<p>Neben den <a href="https://kirche-warder.de/kiwawopr/index.php/gemeinde/gottesdienste/" data-type="page" data-id="8">sonntäglichen Gottesdiensten</a> ist die Kirche zu Warder oft der Ort, wo Lebensschritte gefeiert werden. <br>Ob <a href="https://kirche-warder.de/kiwawopr/index.php/sample-page/taufe/" data-type="page" data-id="42">Taufe</a>, <a href="https://kirche-warder.de/kiwawopr/index.php/sample-page/konfirmation/" data-type="page" data-id="180">Konfirmation</a> oder <a href="https://kirche-warder.de/kiwawopr/index.php/sample-page/trauung/" data-type="page" data-id="44">Trauung</a> – in der Kirche zu Warder ist es wohltuend den Segen Gottes zu spüren. <br>Auch in schweren Zeiten der <a href="https://kirche-warder.de/kiwawopr/index.php/sample-page/trauer/" data-type="page" data-id="183">Trauer</a> und des Abschiedes ist die Kirche zu Warder eine wichtige Stütze <br>und hilft Trost zu spenden.</p>



<figure class="wp-block-image size-large is-resized"><img loading="lazy" decoding="async" src="https://kirche-warder.de/kiwawopr/wp-content/uploads/2021/11/Kirche-von-Innen-Orgelansicht-791x1024.jpg" alt="" class="wp-image-271" width="681" height="882" srcset="https://kirche-warder.de/kiwawopr/wp-content/uploads/2021/11/Kirche-von-Innen-Orgelansicht-791x1024.jpg 791w, https://kirche-warder.de/kiwawopr/wp-content/uploads/2021/11/Kirche-von-Innen-Orgelansicht-232x300.jpg 232w, https://kirche-warder.de/kiwawopr/wp-content/uploads/2021/11/Kirche-von-Innen-Orgelansicht-768x995.jpg 768w, https://kirche-warder.de/kiwawopr/wp-content/uploads/2021/11/Kirche-von-Innen-Orgelansicht-1186x1536.jpg 1186w, https://kirche-warder.de/kiwawopr/wp-content/uploads/2021/11/Kirche-von-Innen-Orgelansicht-1581x2048.jpg 1581w, https://kirche-warder.de/kiwawopr/wp-content/uploads/2021/11/Kirche-von-Innen-Orgelansicht-scaled.jpg 1976w" sizes="auto, (max-width: 681px) 100vw, 681px" /></figure>

<p>Kirche zu Warder Kommen Sie gerne vorbei und besuchen Sie die Kirche zu Warder.Sie ist täglich geöffnet von 10 Uhr bis 16 Uhr. Kirche zu WarderKirchweg 223821 Rohlstorf OT Warder In unmittelbarer Nähe zum Eingang befinden sich Parkplätze. Ein größerer Parkplatz ist vor dem Kindergarten zu finden. Fahren Sie dafür einfach den Kirchweg ein Stück [&hellip;]</p>
