{"id":172,"date":"2021-11-19T10:43:51","date_gmt":"2021-11-19T10:43:51","guid":{"rendered":"https:\/\/kirche-warder.de\/kiwawopr\/?page_id=172"},"modified":"2022-03-18T08:03:15","modified_gmt":"2022-03-18T08:03:15","slug":"friedhof","status":"publish","type":"page","link":"https:\/\/kirche-warder.de\/kiwawopr\/index.php\/gemeinde\/friedhof\/","title":{"rendered":"Friedhof"},"content":{"rendered":"\n<p class=\"has-large-font-size\"><strong>Friedhof<\/strong><\/p>\n\n\n\n<figure class=\"wp-block-image size-large is-resized\"><img loading=\"lazy\" decoding=\"async\" src=\"https:\/\/kirche-warder.de\/kiwawopr\/wp-content\/uploads\/2021\/11\/Friedhof-Laterne-mit-Kerze-1024x627.jpg\" alt=\"\" class=\"wp-image-231\" width=\"681\" height=\"416\" srcset=\"https:\/\/kirche-warder.de\/kiwawopr\/wp-content\/uploads\/2021\/11\/Friedhof-Laterne-mit-Kerze-1024x627.jpg 1024w, https:\/\/kirche-warder.de\/kiwawopr\/wp-content\/uploads\/2021\/11\/Friedhof-Laterne-mit-Kerze-300x184.jpg 300w, https:\/\/kirche-warder.de\/kiwawopr\/wp-content\/uploads\/2021\/11\/Friedhof-Laterne-mit-Kerze-1536x941.jpg 1536w, https:\/\/kirche-warder.de\/kiwawopr\/wp-content\/uploads\/2021\/11\/Friedhof-Laterne-mit-Kerze-2048x1255.jpg 2048w\" sizes=\"auto, (max-width: 681px) 100vw, 681px\" \/><\/figure>\n\n\n\n<p><em>\u201eF\u00fcrchte dich nicht, denn ich habe<\/em> <em>dich erl\u00f6st; ich habe dich bei deinem Namen gerufen; du bist mein.\u201c<\/em><br>Buch des Propheten Jesaja Kapitel 43 Vers 1<\/p>\n\n\n\n<p>Der Friedhof soll Menschen helfen,<br>\u00b7 zu trauern<br>\u00b7 zu danken<br>\u00b7 innerlich ruhig und getr\u00f6stet zu werden<br>\u00b7 Gleichgesinnten zu begegnen<br>\u00b7 Blumen zu setzen oder abzulegen<br>\u00b7 Namen zu lesen.<\/p>\n\n\n\n<p>Auf dem Friedhof k\u00f6nnen sehr unterschiedliche Grabtypen und Grabgestaltungen gew\u00e4hlt werden<br>\u00b7 f\u00fcr Erd- und Feuerbestattungen<br>\u00b7 mit und ohne eigene Grabpflege<br>\u00b7 Baum-, Rasen- und traditionelle Pflanzgr\u00e4ber.<\/p>\n\n\n\n<p>Der Friedhof steht allen Menschen offen<br>\u00b7 unabh\u00e4ngig von der Religions- oder Konfessionszugeh\u00f6rigkeit<br>\u00b7 unabh\u00e4ngig vom Wohnsitz.<\/p>\n\n\n\n<p>Ansprechpartnerpartnerinnen sind<br><a href=\"https:\/\/kirche-warder.de\/kiwawopr\/index.php\/kontakt\/kirchenbuero\/\" data-type=\"page\" data-id=\"194\">Friedhofsverwaltung Ute Schwettscher<\/a><br><a href=\"https:\/\/kirche-warder.de\/kiwawopr\/index.php\/kontakt\/pastorin\/\" data-type=\"page\" data-id=\"191\">Pastorin Laura Roth<\/a><br><a href=\"https:\/\/kirche-warder.de\/kiwawopr\/index.php\/kontakt\/mitarbeitende\/\" data-type=\"page\" data-id=\"277\">Friedhofsg\u00e4rtner Hajo Haaks<\/a><br>und auch alle dort t\u00e4tigen Arbeiter und Hilfskr\u00e4fte. <br>Die genauen Regelungen f\u00fcr den Friedhof finden Sie in der <a href=\"https:\/\/kirche-warder.de\/kiwawopr\/wp-content\/uploads\/2021\/11\/Friedhofssatzung-Warder-2015.pdf\">Satzung <\/a>und der <a href=\"https:\/\/kirche-warder.de\/kiwawopr\/wp-content\/uploads\/2022\/03\/FriedhofsGEbSatzung_2022.pdf\">Geb\u00fchrensatzung<\/a>.<\/p>\n\n\n\n<figure class=\"wp-block-image size-large is-resized\"><img loading=\"lazy\" decoding=\"async\" src=\"https:\/\/kirche-warder.de\/kiwawopr\/wp-content\/uploads\/2021\/11\/Friedhof-Kreuz-an-Kirchenwand-mit-Blumen-1024x718.jpg\" alt=\"\" class=\"wp-image-230\" width=\"681\" height=\"477\" srcset=\"https:\/\/kirche-warder.de\/kiwawopr\/wp-content\/uploads\/2021\/11\/Friedhof-Kreuz-an-Kirchenwand-mit-Blumen-1024x718.jpg 1024w, https:\/\/kirche-warder.de\/kiwawopr\/wp-content\/uploads\/2021\/11\/Friedhof-Kreuz-an-Kirchenwand-mit-Blumen-300x210.jpg 300w, https:\/\/kirche-warder.de\/kiwawopr\/wp-content\/uploads\/2021\/11\/Friedhof-Kreuz-an-Kirchenwand-mit-Blumen-768x539.jpg 768w, https:\/\/kirche-warder.de\/kiwawopr\/wp-content\/uploads\/2021\/11\/Friedhof-Kreuz-an-Kirchenwand-mit-Blumen-1536x1077.jpg 1536w, https:\/\/kirche-warder.de\/kiwawopr\/wp-content\/uploads\/2021\/11\/Friedhof-Kreuz-an-Kirchenwand-mit-Blumen-2048x1436.jpg 2048w\" sizes=\"auto, (max-width: 681px) 100vw, 681px\" \/><\/figure>\n","protected":false},"excerpt":{"rendered":"<p>Friedhof \u201eF\u00fcrchte dich nicht, denn ich habe dich erl\u00f6st; ich habe dich bei deinem Namen gerufen; du bist mein.\u201cBuch des Propheten Jesaja Kapitel 43 Vers 1 Der Friedhof soll Menschen helfen,\u00b7 zu trauern\u00b7 zu danken\u00b7 innerlich ruhig und getr\u00f6stet zu werden\u00b7 Gleichgesinnten zu begegnen\u00b7 Blumen zu setzen oder abzulegen\u00b7 Namen zu lesen. Auf dem Friedhof [&hellip;]<\/p>\n","protected":false},"author":2,"featured_media":0,"parent":67,"menu_order":10,"comment_status":"closed","ping_status":"closed","template":"","meta":{"footnotes":""},"class_list":["post-172","page","type-page","status-publish","hentry"],"_links":{"self":[{"href":"https:\/\/kirche-warder.de\/kiwawopr\/index.php\/wp-json\/wp\/v2\/pages\/172","targetHints":{"allow":["GET"]}}],"collection":[{"href":"https:\/\/kirche-warder.de\/kiwawopr\/index.php\/wp-json\/wp\/v2\/pages"}],"about":[{"href":"https:\/\/kirche-warder.de\/kiwawopr\/index.php\/wp-json\/wp\/v2\/types\/page"}],"author":[{"embeddable":true,"href":"https:\/\/kirche-warder.de\/kiwawopr\/index.php\/wp-json\/wp\/v2\/users\/2"}],"replies":[{"embeddable":true,"href":"https:\/\/kirche-warder.de\/kiwawopr\/index.php\/wp-json\/wp\/v2\/comments?post=172"}],"version-history":[{"count":8,"href":"https:\/\/kirche-warder.de\/kiwawopr\/index.php\/wp-json\/wp\/v2\/pages\/172\/revisions"}],"predecessor-version":[{"id":750,"href":"https:\/\/kirche-warder.de\/kiwawopr\/index.php\/wp-json\/wp\/v2\/pages\/172\/revisions\/750"}],"up":[{"embeddable":true,"href":"https:\/\/kirche-warder.de\/kiwawopr\/index.php\/wp-json\/wp\/v2\/pages\/67"}],"wp:attachment":[{"href":"https:\/\/kirche-warder.de\/kiwawopr\/index.php\/wp-json\/wp\/v2\/media?parent=172"}],"curies":[{"name":"wp","href":"https:\/\/api.w.org\/{rel}","templated":true}]}}

<p class="has-large-font-size"><strong>Friedhof</strong></p>



<figure class="wp-block-image size-large is-resized"><img loading="lazy" decoding="async" src="https://kirche-warder.de/kiwawopr/wp-content/uploads/2021/11/Friedhof-Laterne-mit-Kerze-1024x627.jpg" alt="" class="wp-image-231" width="681" height="416" srcset="https://kirche-warder.de/kiwawopr/wp-content/uploads/2021/11/Friedhof-Laterne-mit-Kerze-1024x627.jpg 1024w, https://kirche-warder.de/kiwawopr/wp-content/uploads/2021/11/Friedhof-Laterne-mit-Kerze-300x184.jpg 300w, https://kirche-warder.de/kiwawopr/wp-content/uploads/2021/11/Friedhof-Laterne-mit-Kerze-1536x941.jpg 1536w, https://kirche-warder.de/kiwawopr/wp-content/uploads/2021/11/Friedhof-Laterne-mit-Kerze-2048x1255.jpg 2048w" sizes="auto, (max-width: 681px) 100vw, 681px" /></figure>



<p><em>„Fürchte dich nicht, denn ich habe</em> <em>dich erlöst; ich habe dich bei deinem Namen gerufen; du bist mein.“</em><br>Buch des Propheten Jesaja Kapitel 43 Vers 1</p>



<p>Der Friedhof soll Menschen helfen,<br>· zu trauern<br>· zu danken<br>· innerlich ruhig und getröstet zu werden<br>· Gleichgesinnten zu begegnen<br>· Blumen zu setzen oder abzulegen<br>· Namen zu lesen.</p>



<p>Auf dem Friedhof können sehr unterschiedliche Grabtypen und Grabgestaltungen gewählt werden<br>· für Erd- und Feuerbestattungen<br>· mit und ohne eigene Grabpflege<br>· Baum-, Rasen- und traditionelle Pflanzgräber.</p>



<p>Der Friedhof steht allen Menschen offen<br>· unabhängig von der Religions- oder Konfessionszugehörigkeit<br>· unabhängig vom Wohnsitz.</p>



<p>Ansprechpartnerpartnerinnen sind<br><a href="https://kirche-warder.de/kiwawopr/index.php/kontakt/kirchenbuero/" data-type="page" data-id="194">Friedhofsverwaltung Ute Schwettscher</a><br><a href="https://kirche-warder.de/kiwawopr/index.php/kontakt/pastorin/" data-type="page" data-id="191">Pastorin Laura Roth</a><br><a href="https://kirche-warder.de/kiwawopr/index.php/kontakt/mitarbeitende/" data-type="page" data-id="277">Friedhofsgärtner Hajo Haaks</a><br>und auch alle dort tätigen Arbeiter und Hilfskräfte. <br>Die genauen Regelungen für den Friedhof finden Sie in der <a href="https://kirche-warder.de/kiwawopr/wp-content/uploads/2021/11/Friedhofssatzung-Warder-2015.pdf">Satzung </a>und der <a href="https://kirche-warder.de/kiwawopr/wp-content/uploads/2022/03/FriedhofsGEbSatzung_2022.pdf">Gebührensatzung</a>.</p>



<figure class="wp-block-image size-large is-resized"><img loading="lazy" decoding="async" src="https://kirche-warder.de/kiwawopr/wp-content/uploads/2021/11/Friedhof-Kreuz-an-Kirchenwand-mit-Blumen-1024x718.jpg" alt="" class="wp-image-230" width="681" height="477" srcset="https://kirche-warder.de/kiwawopr/wp-content/uploads/2021/11/Friedhof-Kreuz-an-Kirchenwand-mit-Blumen-1024x718.jpg 1024w, https://kirche-warder.de/kiwawopr/wp-content/uploads/2021/11/Friedhof-Kreuz-an-Kirchenwand-mit-Blumen-300x210.jpg 300w, https://kirche-warder.de/kiwawopr/wp-content/uploads/2021/11/Friedhof-Kreuz-an-Kirchenwand-mit-Blumen-768x539.jpg 768w, https://kirche-warder.de/kiwawopr/wp-content/uploads/2021/11/Friedhof-Kreuz-an-Kirchenwand-mit-Blumen-1536x1077.jpg 1536w, https://kirche-warder.de/kiwawopr/wp-content/uploads/2021/11/Friedhof-Kreuz-an-Kirchenwand-mit-Blumen-2048x1436.jpg 2048w" sizes="auto, (max-width: 681px) 100vw, 681px" /></figure>

<p>Friedhof „Fürchte dich nicht, denn ich habe dich erlöst; ich habe dich bei deinem Namen gerufen; du bist mein.“Buch des Propheten Jesaja Kapitel 43 Vers 1 Der Friedhof soll Menschen helfen,· zu trauern· zu danken· innerlich ruhig und getröstet zu werden· Gleichgesinnten zu begegnen· Blumen zu setzen oder abzulegen· Namen zu lesen. Auf dem Friedhof [&hellip;]</p>
