{"id":176,"date":"2021-11-19T10:45:37","date_gmt":"2021-11-19T10:45:37","guid":{"rendered":"https:\/\/kirche-warder.de\/kiwawopr\/?page_id=176"},"modified":"2021-11-19T19:24:20","modified_gmt":"2021-11-19T19:24:20","slug":"partnergemeinde","status":"publish","type":"page","link":"https:\/\/kirche-warder.de\/kiwawopr\/index.php\/gemeinde\/partnergemeinde\/","title":{"rendered":"Partnergemeinde"},"content":{"rendered":"\n<p class=\"has-large-font-size\"><strong>Unsere Partnerschaft mit St. Luke Lutheran Church<\/strong><br><strong>in Columbus Ohio<\/strong><br>Weit mehr als eine Partnerschaft<\/p>\n\n\n\n<p>Im Fr\u00fchjahr 2017 geschah bei uns in Warder etwas Historisches. Der gerade frisch konstituierte neue Kirchengemeinderat machte sich an ein neues Feld, was es so in unserer Gemeinde noch nie gegeben hatte. <br>Die Partnerschaft mit einer amerikanisch evangelischen Kirchengemeinde wurde unterzeichnet.<\/p>\n\n\n\n<p>So begann f\u00fcr beide Seiten eine bisher unglaubliche Reise. Die ersten Konferenzen \u00fcber Skype waren gepr\u00e4gt von gro\u00dfer Neugierde. Dichtgedr\u00e4ngt sa\u00dfen Mitglieder des, Partnerschaftsausschusses im Pastorat und schauten auf einen kleinen Bildschirm. Bereits bei dieser Verbindung wurde klar: In Amerika ist alles gr\u00f6\u00dfer. Unsere Partner sa\u00dfen gem\u00fctlich in einem gro\u00dfen Raum vor einem gro\u00dfen Bildschirm. Das kleine Warder betrat eine ganz neue und gro\u00dfe B\u00fchne.&nbsp; Man tauschte sich aus \u00fcber Hobbys, die eigene Arbeit, wie Gottesdienste in Amerika und Deutschland gefeiert werden und noch vieles mehr. Relativ schnell nach knapp einem Jahr wurde dann der Plan gefasst, sich im Jahr 2019 live und in Farbe zu sehen. Warder w\u00fcrde im September 2019 f\u00fcr eine knappe Woche nach Amerika fliegen. Bis zu Beginn des Abfluges wurden auf ganz vielen verschiedenen Kan\u00e4len die zu Beginn zarten Kontakte intensiviert und erste Freundschaften kristallisierten sich mehr als deutlich heraus. Von Anfang an war klar: Wir alle sind verbunden im Glauben an Jesus Christus, als Br\u00fcder und Schwester. Dieses zeigte sich auch mehr als deutlich ab dem ersten Moment in den USA. Nach einigen Turbulenzen vor dem letzten Flug innerhalb der vereinigten Staaten kam die Delegation aus Warder ersch\u00f6pft und etwas Jetlag geplagt in der Gemeinde an. Dort wurde man herzlichst empfangen. Viele Gemeindemitglieder waren gekommen und nahmen uns in die Arme. Menschen die wir, bis auf unsere Freunde, welche uns bereits am Airport abgeholt hatten, bisher nur aus dem Bildschirm kannten. Es f\u00fchlte sich an, als ob wir uns schon eine Ewigkeit lang kennen w\u00fcrden. Sofort begann diese Gemeinschaft sich zu 100% zu entfalten. Unsere Partnergemeinde nutzte in den n\u00e4chsten Tagen uns so viel wie m\u00f6glich von Ohio und der nahen Hauptstadt Columbus zu zeigen. So reichte dieses Potpourri von dem Besuch eines Highschool Footballgames, \u00fcber den Besuch im German Village der Hauptstadt bis zu einem Besuch bei den Amish People weit drau\u00dfen auf dem Land.<\/p>\n\n\n\n<p>Das Grausame an solchen wundersch\u00f6nen Zeiten ist, dass diese viel zu schnell vergehen. So ging es r\u00fcckblickend sicherlich jedem in unserer Reisegruppe. Allen wurde w\u00e4hrend dieser unglaublich wertvollen Zeit in der Gemeinde St. Luke klar, dass wir etwas Einmaliges und unglaublich Wertvolles erlebt haben und durften.<\/p>\n\n\n\n<p>Bedingt durch die Corona Pandemie wurde der Besuch unserer Freunde aus St. Luke hier bei uns von 2020 auf 2022 verschoben. Dieser soll stand jetzt im Oktober 2022 stattfinden. Auch wir haben uns schon ein sch\u00f6nes Programm f\u00fcr unsere Freunde \u00fcberlegt und freuen uns auf jede einzelne Sekunde mit ihnen hier bei uns. Diese Partnerschaft entwickelte sich in unglaublicher Geschwindigkeit zu einer tiefen engen Freundschaft von Menschen und Gemeinden von zwei unterschiedlichen Kontinenten, welches durch die gemeinsame Zeit in den USA best\u00e4tigt wurde.<\/p>\n\n\n\n<p>Diese Partnerschaft ist ein Geschenk Gottes. Nein, sie ist weit mehr als eine Partnerschaft. Sie ist ein Beispiel weltumspannender Freundschaft. Nach wie vor besteht ein regelm\u00e4\u00dfiger Austausch unter uns als Gemeinde in Videokonferenzen, sowie privaten Kontakten durch Briefe, Mails oder Videoanrufe (der Technik sei Dank).<\/p>\n\n\n\n<p>Wir danken Gott, dass er unsere Gemeinden zusammengebracht hat. Diese Freundschaft wird von uns als wichtiger Teil unserer eigenen Gemeinde angesehen und wir hoffen, dass diese Bande zwischen den Gemeinden und den Menschen selbst nicht zerf\u00e4llt, sondern weiter bestehen bleibt und noch weiter verfestigt. M\u00f6ge Gott diese Freundschaft segnen und uns alle bis wir uns wiedersehen fest in seiner Hand halten und uns beh\u00fcten.<\/p>\n\n\n\n<p>F\u00fcr das Partnerschaftskomitee und den Kirchengemeinderat<br>Jonas Kr\u00f6ning<\/p>\n","protected":false},"excerpt":{"rendered":"<p>Unsere Partnerschaft mit St. Luke Lutheran Churchin Columbus OhioWeit mehr als eine Partnerschaft Im Fr\u00fchjahr 2017 geschah bei uns in Warder etwas Historisches. Der gerade frisch konstituierte neue Kirchengemeinderat machte sich an ein neues Feld, was es so in unserer Gemeinde noch nie gegeben hatte. Die Partnerschaft mit einer amerikanisch evangelischen Kirchengemeinde wurde unterzeichnet. So [&hellip;]<\/p>\n","protected":false},"author":2,"featured_media":0,"parent":67,"menu_order":8,"comment_status":"closed","ping_status":"closed","template":"","meta":{"footnotes":""},"class_list":["post-176","page","type-page","status-publish","hentry"],"_links":{"self":[{"href":"https:\/\/kirche-warder.de\/kiwawopr\/index.php\/wp-json\/wp\/v2\/pages\/176","targetHints":{"allow":["GET"]}}],"collection":[{"href":"https:\/\/kirche-warder.de\/kiwawopr\/index.php\/wp-json\/wp\/v2\/pages"}],"about":[{"href":"https:\/\/kirche-warder.de\/kiwawopr\/index.php\/wp-json\/wp\/v2\/types\/page"}],"author":[{"embeddable":true,"href":"https:\/\/kirche-warder.de\/kiwawopr\/index.php\/wp-json\/wp\/v2\/users\/2"}],"replies":[{"embeddable":true,"href":"https:\/\/kirche-warder.de\/kiwawopr\/index.php\/wp-json\/wp\/v2\/comments?post=176"}],"version-history":[{"count":2,"href":"https:\/\/kirche-warder.de\/kiwawopr\/index.php\/wp-json\/wp\/v2\/pages\/176\/revisions"}],"predecessor-version":[{"id":252,"href":"https:\/\/kirche-warder.de\/kiwawopr\/index.php\/wp-json\/wp\/v2\/pages\/176\/revisions\/252"}],"up":[{"embeddable":true,"href":"https:\/\/kirche-warder.de\/kiwawopr\/index.php\/wp-json\/wp\/v2\/pages\/67"}],"wp:attachment":[{"href":"https:\/\/kirche-warder.de\/kiwawopr\/index.php\/wp-json\/wp\/v2\/media?parent=176"}],"curies":[{"name":"wp","href":"https:\/\/api.w.org\/{rel}","templated":true}]}}