{"id":42,"date":"2021-11-07T12:02:29","date_gmt":"2021-11-07T12:02:29","guid":{"rendered":"https:\/\/kirche-warder.de\/kiwawopr\/?page_id=42"},"modified":"2021-11-19T19:55:27","modified_gmt":"2021-11-19T19:55:27","slug":"taufe","status":"publish","type":"page","link":"https:\/\/kirche-warder.de\/kiwawopr\/index.php\/sample-page\/taufe\/","title":{"rendered":"Taufe"},"content":{"rendered":"\n<p class=\"has-large-font-size\"><strong>Taufe<\/strong><\/p>\n\n\n\n<p><em>\u201eM\u00f6ge Gott auf dem Weg, den du gehst, vor dir hereilen.\u201c<\/em> <br>Irischer Segenswunsch<\/p>\n\n\n\n<p><br>Wir freuen uns sehr dar\u00fcber, dass Sie \u00fcber eine Taufe nachdenken oder auch schon fest planen. <br>F\u00fcr uns geh\u00f6rt es zu den sch\u00f6nsten und auch wichtigsten Aufgaben, <br>Menschen zu taufen und ihnen damit Gottes Wort und Segen zuzusprechen.<\/p>\n\n\n\n<p>Taufe ist zu allen Lebenszeiten m\u00f6glich \u2013 als Baby oder Kindergartenkind, als Grundschulkind <br>oder in der Konfirmationszeit und auch im Erwachsenenalter.<\/p>\n\n\n\n<p>Nat\u00fcrlich wollen Taufen gut vorbereitet werden. <\/p>\n\n\n\n<p>Melden Sie sich gerne, damit wir einen geeigneten Tauftermin finden und alle organisatorischen und inhaltlichen Fragen kl\u00e4ren k\u00f6nnen. <\/p>\n\n\n\n<p>Im <a href=\"https:\/\/kirche-warder.de\/kiwawopr\/index.php\/kontakt\/kirchenbuero\/\" data-type=\"page\" data-id=\"194\">Kirchenb\u00fcro<\/a> erhalten Sie weitere Ausk\u00fcnfte und einen Termin k\u00f6nnen direkt bei <a href=\"https:\/\/kirche-warder.de\/kiwawopr\/index.php\/kontakt\/pastorin\/\" data-type=\"page\" data-id=\"191\">Pastorin Laura Roth<\/a> vereinbaren.<\/p>\n","protected":false},"excerpt":{"rendered":"<p>Taufe \u201eM\u00f6ge Gott auf dem Weg, den du gehst, vor dir hereilen.\u201c Irischer Segenswunsch Wir freuen uns sehr dar\u00fcber, dass Sie \u00fcber eine Taufe nachdenken oder auch schon fest planen. F\u00fcr uns geh\u00f6rt es zu den sch\u00f6nsten und auch wichtigsten Aufgaben, Menschen zu taufen und ihnen damit Gottes Wort und Segen zuzusprechen. Taufe ist zu [&hellip;]<\/p>\n","protected":false},"author":2,"featured_media":0,"parent":2,"menu_order":1,"comment_status":"closed","ping_status":"closed","template":"","meta":{"footnotes":""},"class_list":["post-42","page","type-page","status-publish","hentry"],"_links":{"self":[{"href":"https:\/\/kirche-warder.de\/kiwawopr\/index.php\/wp-json\/wp\/v2\/pages\/42","targetHints":{"allow":["GET"]}}],"collection":[{"href":"https:\/\/kirche-warder.de\/kiwawopr\/index.php\/wp-json\/wp\/v2\/pages"}],"about":[{"href":"https:\/\/kirche-warder.de\/kiwawopr\/index.php\/wp-json\/wp\/v2\/types\/page"}],"author":[{"embeddable":true,"href":"https:\/\/kirche-warder.de\/kiwawopr\/index.php\/wp-json\/wp\/v2\/users\/2"}],"replies":[{"embeddable":true,"href":"https:\/\/kirche-warder.de\/kiwawopr\/index.php\/wp-json\/wp\/v2\/comments?post=42"}],"version-history":[{"count":4,"href":"https:\/\/kirche-warder.de\/kiwawopr\/index.php\/wp-json\/wp\/v2\/pages\/42\/revisions"}],"predecessor-version":[{"id":294,"href":"https:\/\/kirche-warder.de\/kiwawopr\/index.php\/wp-json\/wp\/v2\/pages\/42\/revisions\/294"}],"up":[{"embeddable":true,"href":"https:\/\/kirche-warder.de\/kiwawopr\/index.php\/wp-json\/wp\/v2\/pages\/2"}],"wp:attachment":[{"href":"https:\/\/kirche-warder.de\/kiwawopr\/index.php\/wp-json\/wp\/v2\/media?parent=42"}],"curies":[{"name":"wp","href":"https:\/\/api.w.org\/{rel}","templated":true}]}}